{"id":3041,"date":"2025-10-06T19:11:21","date_gmt":"2025-10-06T19:11:21","guid":{"rendered":"https:\/\/katalejo.com\/?page_id=3041"},"modified":"2026-01-04T23:11:13","modified_gmt":"2026-01-04T23:11:13","slug":"politica-de-calidad","status":"publish","type":"page","link":"https:\/\/katalejo.com\/index.php\/politica-de-calidad\/","title":{"rendered":"Pol\u00edtica de calidad"},"content":{"rendered":"\t\t<div data-elementor-type=\"wp-page\" data-elementor-id=\"3041\" class=\"elementor elementor-3041\">\n\t\t\t\t<div class=\"elementor-element elementor-element-4628aeed e-flex e-con-boxed e-con e-parent\" data-id=\"4628aeed\" data-element_type=\"container\">\n\t\t\t\t\t<div class=\"e-con-inner\">\n\t\t\t\t<div class=\"elementor-element elementor-element-46d9c471 elementor-widget elementor-widget-text-editor\" data-id=\"46d9c471\" data-element_type=\"widget\" data-widget_type=\"text-editor.default\">\n\t\t\t\t<div class=\"elementor-widget-container\">\n\t\t\t\t\t\t\t\t\t<h2 class=\"wp-block-heading\">En el Grupo Envases La Econ\u00f3mica<\/h2>\n<p><!-- \/wp:heading --><!-- wp:paragraph --><\/p>\n<p>Comercializamos envases y sus accesorios para el ramo industrial, qu\u00edmico, cosm\u00e9tico, farmac\u00e9utico y alimentario.<\/p>\n<p>Trabajamos pensando en la mejora continua sobre la operaci\u00f3n del negocio, hemos llegado a ser una empresa l\u00edder a nivel nacional, comprometidos en mejorar nuestro desempe\u00f1o para ser m\u00e1s eficiente los procesos de comercializaci\u00f3n y as\u00ed lograr la satisfacci\u00f3n del cliente.\u00a0<\/p>\n<p>Nuestro compromiso es con la calidad e higiene sobre los productos que comercializamos.<\/p>\n<p><!-- \/wp:paragraph --><!-- wp:heading --><\/p>\n<h2 class=\"wp-block-heading\">Objetivos<\/h2>\n<p><!-- \/wp:heading --><!-- wp:paragraph --><\/p>\n<p>Lograr la satisfacci\u00f3n del cliente aplicando las siguientes m\u00e9tricas.<\/p>\n<p><!-- \/wp:paragraph --><!-- wp:paragraph --><\/p>\n<ul>\n<li>Disminuir el n\u00famero de quejas por mala calidad en el producto.<\/li>\n<li>Disminuir el n\u00famero de quejas por mal servicio.<\/li>\n<li>Erradicar las quejas por malas pr\u00e1cticas de higiene.<\/li>\n<\/ul>\n<p><!-- \/wp:paragraph --><\/p>\t\t\t\t\t\t\t\t<\/div>\n\t\t\t\t<\/div>\n\t\t\t\t\t<\/div>\n\t\t\t\t<\/div>\n\t\t\t\t<\/div>\n\t\t","protected":false},"excerpt":{"rendered":"<p>En el Grupo Envases La Econ\u00f3mica Comercializamos envases y sus accesorios para el ramo industrial, qu\u00edmico, cosm\u00e9tico, farmac\u00e9utico y alimentario. Trabajamos pensando en la mejora continua sobre la operaci\u00f3n del negocio, hemos llegado a ser una empresa l\u00edder a nivel nacional, comprometidos en mejorar nuestro desempe\u00f1o para ser m\u00e1s eficiente&#8230; <a class=\"read-more\" href=\"https:\/\/katalejo.com\/index.php\/politica-de-calidad\/\">Read More<\/a><\/p>\n","protected":false},"author":1,"featured_media":0,"parent":0,"menu_order":0,"comment_status":"closed","ping_status":"closed","template":"","meta":{"footnotes":""},"class_list":["post-3041","page","type-page","status-publish","hentry"],"yoast_head":"<!-- This site is optimized with the Yoast SEO plugin v24.8.1 - https:\/\/yoast.com\/wordpress\/plugins\/seo\/ -->\n<title>Pol\u00edtica de calidad - Grupo Envases La Econ\u00f3mica<\/title>\n<meta name=\"robots\" content=\"index, follow, max-snippet:-1, max-image-preview:large, max-video-preview:-1\" \/>\n<link rel=\"canonical\" href=\"https:\/\/katalejo.com\/index.php\/politica-de-calidad\/\" \/>\n<meta property=\"og:locale\" content=\"es_MX\" \/>\n<meta property=\"og:type\" content=\"article\" \/>\n<meta property=\"og:title\" content=\"Pol\u00edtica de calidad - Grupo Envases La Econ\u00f3mica\" \/>\n<meta property=\"og:description\" content=\"En el Grupo Envases La Econ\u00f3mica Comercializamos envases y sus accesorios para el ramo industrial, qu\u00edmico, cosm\u00e9tico, farmac\u00e9utico y alimentario. Trabajamos pensando en la mejora continua sobre la operaci\u00f3n del negocio, hemos llegado a ser una empresa l\u00edder a nivel nacional, comprometidos en mejorar nuestro desempe\u00f1o para ser m\u00e1s eficiente... Read More\" \/>\n<meta property=\"og:url\" content=\"https:\/\/katalejo.com\/index.php\/politica-de-calidad\/\" \/>\n<meta property=\"og:site_name\" content=\"Grupo Envases La Econ\u00f3mica\" \/>\n<meta property=\"article:modified_time\" content=\"2026-01-04T23:11:13+00:00\" \/>\n<meta name=\"twitter:card\" content=\"summary_large_image\" \/>\n<meta name=\"twitter:label1\" content=\"Tiempo de lectura\" \/>\n\t<meta name=\"twitter:data1\" content=\"1 minuto\" \/>\n<script type=\"application\/ld+json\" class=\"yoast-schema-graph\">{\"@context\":\"https:\/\/schema.org\",\"@graph\":[{\"@type\":\"WebPage\",\"@id\":\"https:\/\/katalejo.com\/index.php\/politica-de-calidad\/\",\"url\":\"https:\/\/katalejo.com\/index.php\/politica-de-calidad\/\",\"name\":\"Pol\u00edtica de calidad - Grupo Envases La Econ\u00f3mica\",\"isPartOf\":{\"@id\":\"https:\/\/www.katalejo.com\/#website\"},\"datePublished\":\"2025-10-06T19:11:21+00:00\",\"dateModified\":\"2026-01-04T23:11:13+00:00\",\"breadcrumb\":{\"@id\":\"https:\/\/katalejo.com\/index.php\/politica-de-calidad\/#breadcrumb\"},\"inLanguage\":\"es\",\"potentialAction\":[{\"@type\":\"ReadAction\",\"target\":[\"https:\/\/katalejo.com\/index.php\/politica-de-calidad\/\"]}]},{\"@type\":\"BreadcrumbList\",\"@id\":\"https:\/\/katalejo.com\/index.php\/politica-de-calidad\/#breadcrumb\",\"itemListElement\":[{\"@type\":\"ListItem\",\"position\":1,\"name\":\"Home\",\"item\":\"https:\/\/katalejo.com\/\"},{\"@type\":\"ListItem\",\"position\":2,\"name\":\"Pol\u00edtica de calidad\"}]},{\"@type\":\"WebSite\",\"@id\":\"https:\/\/www.katalejo.com\/#website\",\"url\":\"https:\/\/www.katalejo.com\/\",\"name\":\"Grupo Envases La Econ\u00f3mica\",\"description\":\"Fabricaci\u00f3n y comercializaci\u00f3n de envases pl\u00e1sticos\",\"potentialAction\":[{\"@type\":\"SearchAction\",\"target\":{\"@type\":\"EntryPoint\",\"urlTemplate\":\"https:\/\/www.katalejo.com\/?s={search_term_string}\"},\"query-input\":{\"@type\":\"PropertyValueSpecification\",\"valueRequired\":true,\"valueName\":\"search_term_string\"}}],\"inLanguage\":\"es\"}]}<\/script>\n<!-- \/ Yoast SEO plugin. -->","yoast_head_json":{"title":"Pol\u00edtica de calidad - Grupo Envases La Econ\u00f3mica","robots":{"index":"index","follow":"follow","max-snippet":"max-snippet:-1","max-image-preview":"max-image-preview:large","max-video-preview":"max-video-preview:-1"},"canonical":"https:\/\/katalejo.com\/index.php\/politica-de-calidad\/","og_locale":"es_MX","og_type":"article","og_title":"Pol\u00edtica de calidad - Grupo Envases La Econ\u00f3mica","og_description":"En el Grupo Envases La Econ\u00f3mica Comercializamos envases y sus accesorios para el ramo industrial, qu\u00edmico, cosm\u00e9tico, farmac\u00e9utico y alimentario. Trabajamos pensando en la mejora continua sobre la operaci\u00f3n del negocio, hemos llegado a ser una empresa l\u00edder a nivel nacional, comprometidos en mejorar nuestro desempe\u00f1o para ser m\u00e1s eficiente... Read More","og_url":"https:\/\/katalejo.com\/index.php\/politica-de-calidad\/","og_site_name":"Grupo Envases La Econ\u00f3mica","article_modified_time":"2026-01-04T23:11:13+00:00","twitter_card":"summary_large_image","twitter_misc":{"Tiempo de lectura":"1 minuto"},"schema":{"@context":"https:\/\/schema.org","@graph":[{"@type":"WebPage","@id":"https:\/\/katalejo.com\/index.php\/politica-de-calidad\/","url":"https:\/\/katalejo.com\/index.php\/politica-de-calidad\/","name":"Pol\u00edtica de calidad - Grupo Envases La Econ\u00f3mica","isPartOf":{"@id":"https:\/\/www.katalejo.com\/#website"},"datePublished":"2025-10-06T19:11:21+00:00","dateModified":"2026-01-04T23:11:13+00:00","breadcrumb":{"@id":"https:\/\/katalejo.com\/index.php\/politica-de-calidad\/#breadcrumb"},"inLanguage":"es","potentialAction":[{"@type":"ReadAction","target":["https:\/\/katalejo.com\/index.php\/politica-de-calidad\/"]}]},{"@type":"BreadcrumbList","@id":"https:\/\/katalejo.com\/index.php\/politica-de-calidad\/#breadcrumb","itemListElement":[{"@type":"ListItem","position":1,"name":"Home","item":"https:\/\/katalejo.com\/"},{"@type":"ListItem","position":2,"name":"Pol\u00edtica de calidad"}]},{"@type":"WebSite","@id":"https:\/\/www.katalejo.com\/#website","url":"https:\/\/www.katalejo.com\/","name":"Grupo Envases La Econ\u00f3mica","description":"Fabricaci\u00f3n y comercializaci\u00f3n de envases pl\u00e1sticos","potentialAction":[{"@type":"SearchAction","target":{"@type":"EntryPoint","urlTemplate":"https:\/\/www.katalejo.com\/?s={search_term_string}"},"query-input":{"@type":"PropertyValueSpecification","valueRequired":true,"valueName":"search_term_string"}}],"inLanguage":"es"}]}},"_links":{"self":[{"href":"https:\/\/katalejo.com\/index.php\/wp-json\/wp\/v2\/pages\/3041","targetHints":{"allow":["GET"]}}],"collection":[{"href":"https:\/\/katalejo.com\/index.php\/wp-json\/wp\/v2\/pages"}],"about":[{"href":"https:\/\/katalejo.com\/index.php\/wp-json\/wp\/v2\/types\/page"}],"author":[{"embeddable":true,"href":"https:\/\/katalejo.com\/index.php\/wp-json\/wp\/v2\/users\/1"}],"replies":[{"embeddable":true,"href":"https:\/\/katalejo.com\/index.php\/wp-json\/wp\/v2\/comments?post=3041"}],"version-history":[{"count":16,"href":"https:\/\/katalejo.com\/index.php\/wp-json\/wp\/v2\/pages\/3041\/revisions"}],"predecessor-version":[{"id":3177,"href":"https:\/\/katalejo.com\/index.php\/wp-json\/wp\/v2\/pages\/3041\/revisions\/3177"}],"wp:attachment":[{"href":"https:\/\/katalejo.com\/index.php\/wp-json\/wp\/v2\/media?parent=3041"}],"curies":[{"name":"wp","href":"https:\/\/api.w.org\/{rel}","templated":true}]}}