{"id":14,"date":"2024-10-16T20:56:57","date_gmt":"2024-10-16T20:56:57","guid":{"rendered":"https:\/\/katalejo.com\/?page_id=14"},"modified":"2025-10-06T14:48:46","modified_gmt":"2025-10-06T14:48:46","slug":"terminos-condiciones","status":"publish","type":"page","link":"https:\/\/katalejo.com\/index.php\/terminos-condiciones\/","title":{"rendered":"T\u00e9rminos y condiciones"},"content":{"rendered":"\t\t<div data-elementor-type=\"wp-page\" data-elementor-id=\"14\" class=\"elementor elementor-14\">\n\t\t\t\t<div class=\"elementor-element elementor-element-674b5827 e-flex e-con-boxed e-con e-parent\" data-id=\"674b5827\" data-element_type=\"container\">\n\t\t\t\t\t<div class=\"e-con-inner\">\n\t\t\t\t<div class=\"elementor-element elementor-element-677a44cd elementor-widget elementor-widget-text-editor\" data-id=\"677a44cd\" data-element_type=\"widget\" data-widget_type=\"text-editor.default\">\n\t\t\t\t<div class=\"elementor-widget-container\">\n\t\t\t\t\t\t\t\t\t<h2 style=\"color: rgb(27, 27, 27); font-family: Raleway, sans-serif;\">T\u00e9rminos y condiciones<\/h2>\n<p><!-- \/wp:heading --><!-- wp:paragraph --><\/p>\n<h2 style=\"color: #1b1b1b; font-family: Raleway, sans-serif;\">Env\u00edos<\/h2>\n<p style=\"font-family: Roboto, sans-serif; color: #3d1859;\">Enviamos los productos a cualquier parte de la Rep\u00fablica Mexicana en los siguientes casos.<\/p>\n<p style=\"font-family: Roboto, sans-serif; color: #3d1859;\">1. Cuando acordamos con el cliente que su mercanc\u00eda ser\u00e1 colocada con la transportista de su elecci\u00f3n y&nbsp;<span style=\"color: rgb(61, 24, 89);\">nos env\u00eda la gu\u00eda prepagada.<\/span><\/p>\n<p style=\"font-family: Roboto, sans-serif; color: #3d1859;\">2. Cuando por el monto y volumen de la compra, acordamos con el cliente la entrega de la mercanc\u00eda con nuestro propio transporte. Consulta con tu agente de venta las condiciones particulares ya que aplican restricciones.<\/p>\n<p style=\"font-family: Roboto, sans-serif; color: #3d1859;\">\n<\/p><h2 style=\"color: #1b1b1b; font-family: Raleway, sans-serif;\">Pol\u00edticas de devoluciones<\/h2>\n<p>Nuestra pol\u00edtica devoluciones tiene una duraci\u00f3n de 7 d\u00edas. Si han pasado 7 d\u00edas desde su compra, no podemos ofrecerle un reembolso o cambio completo.<\/p>\n<p><!-- \/wp:paragraph --><!-- wp:paragraph --><\/p>\n<p>Para ser elegible para una devoluci\u00f3n, sus&nbsp;<span style=\"color: rgb(61, 24, 89);\">productos&nbsp;<\/span>debe estar sin usar y en las mismas condiciones en que lo recibi\u00f3. Tambi\u00e9n debe estar en el embalaje original.<\/p>\n<p><span style=\"color: rgb(61, 24, 89);\">Cualquier&nbsp;<span style=\"color: rgb(61, 24, 89);\">producto&nbsp;<\/span>que se devuelva en m\u00e1s de 7 d\u00edas despu\u00e9s de la entrega y que se encuentre sin alteraciones o haya sido usado, podr\u00e1&nbsp;<\/span><span style=\"color: rgb(61, 24, 89);\">concederse la devoluci\u00f3n despu\u00e9s de que analicemos el caso.<\/span><\/p>\n<p style=\"font-family: Roboto, sans-serif; color: rgb(61, 24, 89);\">Para solicitar la devoluci\u00f3n de sus&nbsp;<span style=\"color: rgb(61, 24, 89);\">productos<\/span><span style=\"color: rgb(61, 24, 89);\">&nbsp;<\/span><span style=\"color: rgb(61, 24, 89);\">deber\u00e1 enviar un correo a su agente de ventas indicando el motivo de la devoluci\u00f3n y adjuntando la factura o comprobante digital. Una vez recibido el correo nos comunicaremos por este medio para dar continuidad al proceso.<\/span><\/p>\n<p style=\"font-family: Roboto, sans-serif; color: rgb(61, 24, 89);\"><span style=\"color: rgb(61, 24, 89);\">Si no recibe respuesta por correo dentro de los siguientes 3 posteriores a su solicitud, contacte v\u00eda telef\u00f3nica a su agente de ventas <\/span><span style=\"color: rgb(61, 24, 89);\">y con gusto lo atenderemos.<\/span><\/p>\n<p style=\"font-family: Roboto, sans-serif; color: rgb(61, 24, 89);\"><span style=\"color: rgb(27, 27, 27); font-family: Raleway, sans-serif; font-size: 2rem;\">Productos que no pueden ser devueltos<\/span><\/p>\n<p><span style=\"color: rgb(61, 24, 89);\">No se pueden devolver productos por error en la selecci\u00f3n por parte del cliente.&nbsp;<\/span><\/p><p><span style=\"color: rgb(61, 24, 89);\">Tampoco aceptamos productos que hayan sido usados o que presenten alteraciones por mal uso o que no pertenezcan a un defecto de f\u00e1brica.<\/span><\/p>\n<p><span style=\"color: rgb(61, 24, 89);\">Por favor, no intente devolver productos que no cumplan con los t\u00e9rminos.<\/span><\/p>\n<p><span style=\"color: rgb(27, 27, 27); font-family: var(--font-family-1); font-size: 2rem;\">Reembolsos<\/span><\/p>\n<p><!-- \/wp:paragraph --><!-- wp:paragraph --><\/p>\n<p><span style=\"color: rgb(61, 24, 89);\">No hay rembolso por el monto de su compra en ning\u00fan caso.<\/span><\/p>\n<p><span style=\"color: rgb(27, 27, 27); font-family: Raleway, sans-serif; font-size: 2rem;\">Intercambios<\/span><\/p>\n<p><!-- \/wp:paragraph --><!-- wp:paragraph --><\/p>\n<p>Solo reemplazamos art\u00edculos si tiene defectos de fabricaci\u00f3n.&nbsp;<\/p><p>Si necesita cambio por el mismo modelo del producto,&nbsp;<span style=\"color: rgb(61, 24, 89);\">deber\u00e1 enviar un correo a su agente de ventas indicando el motivo del cambio y adjuntando la factura o comprobante digital. Una vez recibido el correo nos comunicaremos por este medio para dar continuidad al proceso.<\/span><\/p><p style=\"font-family: Roboto, sans-serif; color: rgb(61, 24, 89);\"><span style=\"color: rgb(61, 24, 89);\">Si no recibe respuesta por correo dentro de los siguientes 3 posteriores a su solicitud, contacte v\u00eda telef\u00f3nica a su agente de ventas&nbsp;<\/span><span style=\"color: rgb(61, 24, 89);\">y con gusto lo atenderemos.<\/span><\/p>\n<p><!-- \/wp:paragraph --><!-- wp:paragraph --><\/p>\n<h2><span style=\"color: rgb(27, 27, 27); font-size: 2rem;\">Devoluciones de env\u00edo<\/span><\/h2>\n<p><!-- \/wp:paragraph --><!-- wp:paragraph --><\/p>\n<p>Para devolver su producto, deber\u00e1 llevarlo directamente a la sucursal donde realiz\u00f3 su compra con el correo de aceptaci\u00f3n de devoluci\u00f3n y con gusto lo atenderemos.<\/p>\n<p><span style=\"color: #3d1859;\">Si decide hacerlo por paqueter\u00eda, usted ser\u00e1 el responsable de darle seguimiento al env\u00edo ya que no garantizamos que recibiremos su art\u00edculo devuelto.<\/span><\/p>\n<p>Usted ser\u00e1 responsable de pagar sus propios costos de env\u00edo para devolver su art\u00edculo. Los costos de env\u00edo no son reembolsables.<\/p>\n<p>Considere el tiempo de su lugar de env\u00edo hacia el almac\u00e9n de nuestra sucursal donde compr\u00f3 sus productos, ya que el tiempo para procesar su devoluci\u00f3n es variable.<\/p>\n<p><!-- \/wp:paragraph --><!-- wp:paragraph --><\/p>\n<h2>Necesita ayuda?<\/h2>\n<p><!-- \/wp:paragraph --><!-- wp:paragraph --><\/p>\n<p>Contacte v\u00eda telef\u00f3nica a su agente de ventas a la&nbsp;<span style=\"color: #3d1859; font-family: var( --e-global-typography-text-font-family ), Sans-serif; font-weight: var( --e-global-typography-text-font-weight ); text-align: var(--text-align); background-color: var(--bs-body-bg); font-size: var(--bs-body-font-size);\">sucursal donde realiz\u00f3 su compra y con gusto lo atenderemos.<\/span><\/p>\n<p><!-- \/wp:paragraph --><\/p>\t\t\t\t\t\t\t\t<\/div>\n\t\t\t\t<\/div>\n\t\t\t\t\t<\/div>\n\t\t\t\t<\/div>\n\t\t\t\t<\/div>\n\t\t","protected":false},"excerpt":{"rendered":"<p>T\u00e9rminos y condiciones Env\u00edos Enviamos los productos a cualquier parte de la Rep\u00fablica Mexicana en los siguientes casos. 1. Cuando acordamos con el cliente que su mercanc\u00eda ser\u00e1 colocada con la transportista de su elecci\u00f3n y&nbsp;nos env\u00eda la gu\u00eda prepagada. 2. Cuando por el monto y volumen de la compra,&#8230; <a class=\"read-more\" href=\"https:\/\/katalejo.com\/index.php\/terminos-condiciones\/\">Read More<\/a><\/p>\n","protected":false},"author":1,"featured_media":0,"parent":0,"menu_order":0,"comment_status":"closed","ping_status":"closed","template":"","meta":{"footnotes":""},"class_list":["post-14","page","type-page","status-publish","hentry"],"yoast_head":"<!-- This site is optimized with the Yoast SEO plugin v24.8.1 - https:\/\/yoast.com\/wordpress\/plugins\/seo\/ -->\n<title>T\u00e9rminos y condiciones - Grupo Envases La Econ\u00f3mica<\/title>\n<meta name=\"robots\" content=\"index, follow, max-snippet:-1, max-image-preview:large, max-video-preview:-1\" \/>\n<link rel=\"canonical\" href=\"https:\/\/katalejo.com\/index.php\/terminos-condiciones\/\" \/>\n<meta property=\"og:locale\" content=\"es_MX\" \/>\n<meta property=\"og:type\" content=\"article\" \/>\n<meta property=\"og:title\" content=\"T\u00e9rminos y condiciones - Grupo Envases La Econ\u00f3mica\" \/>\n<meta property=\"og:description\" content=\"T\u00e9rminos y condiciones Env\u00edos Enviamos los productos a cualquier parte de la Rep\u00fablica Mexicana en los siguientes casos. 1. Cuando acordamos con el cliente que su mercanc\u00eda ser\u00e1 colocada con la transportista de su elecci\u00f3n y&nbsp;nos env\u00eda la gu\u00eda prepagada. 2. Cuando por el monto y volumen de la compra,... Read More\" \/>\n<meta property=\"og:url\" content=\"https:\/\/katalejo.com\/index.php\/terminos-condiciones\/\" \/>\n<meta property=\"og:site_name\" content=\"Grupo Envases La Econ\u00f3mica\" \/>\n<meta property=\"article:modified_time\" content=\"2025-10-06T14:48:46+00:00\" \/>\n<meta name=\"twitter:card\" content=\"summary_large_image\" \/>\n<meta name=\"twitter:label1\" content=\"Tiempo de lectura\" \/>\n\t<meta name=\"twitter:data1\" content=\"3 minutos\" \/>\n<script type=\"application\/ld+json\" class=\"yoast-schema-graph\">{\"@context\":\"https:\/\/schema.org\",\"@graph\":[{\"@type\":\"WebPage\",\"@id\":\"https:\/\/katalejo.com\/index.php\/terminos-condiciones\/\",\"url\":\"https:\/\/katalejo.com\/index.php\/terminos-condiciones\/\",\"name\":\"T\u00e9rminos y condiciones - Grupo Envases La Econ\u00f3mica\",\"isPartOf\":{\"@id\":\"https:\/\/www.katalejo.com\/#website\"},\"datePublished\":\"2024-10-16T20:56:57+00:00\",\"dateModified\":\"2025-10-06T14:48:46+00:00\",\"breadcrumb\":{\"@id\":\"https:\/\/katalejo.com\/index.php\/terminos-condiciones\/#breadcrumb\"},\"inLanguage\":\"es\",\"potentialAction\":[{\"@type\":\"ReadAction\",\"target\":[\"https:\/\/katalejo.com\/index.php\/terminos-condiciones\/\"]}]},{\"@type\":\"BreadcrumbList\",\"@id\":\"https:\/\/katalejo.com\/index.php\/terminos-condiciones\/#breadcrumb\",\"itemListElement\":[{\"@type\":\"ListItem\",\"position\":1,\"name\":\"Home\",\"item\":\"https:\/\/katalejo.com\/\"},{\"@type\":\"ListItem\",\"position\":2,\"name\":\"T\u00e9rminos y condiciones\"}]},{\"@type\":\"WebSite\",\"@id\":\"https:\/\/www.katalejo.com\/#website\",\"url\":\"https:\/\/www.katalejo.com\/\",\"name\":\"Grupo Envases La Econ\u00f3mica\",\"description\":\"Fabricaci\u00f3n y comercializaci\u00f3n de envases pl\u00e1sticos\",\"potentialAction\":[{\"@type\":\"SearchAction\",\"target\":{\"@type\":\"EntryPoint\",\"urlTemplate\":\"https:\/\/www.katalejo.com\/?s={search_term_string}\"},\"query-input\":{\"@type\":\"PropertyValueSpecification\",\"valueRequired\":true,\"valueName\":\"search_term_string\"}}],\"inLanguage\":\"es\"}]}<\/script>\n<!-- \/ Yoast SEO plugin. -->","yoast_head_json":{"title":"T\u00e9rminos y condiciones - Grupo Envases La Econ\u00f3mica","robots":{"index":"index","follow":"follow","max-snippet":"max-snippet:-1","max-image-preview":"max-image-preview:large","max-video-preview":"max-video-preview:-1"},"canonical":"https:\/\/katalejo.com\/index.php\/terminos-condiciones\/","og_locale":"es_MX","og_type":"article","og_title":"T\u00e9rminos y condiciones - Grupo Envases La Econ\u00f3mica","og_description":"T\u00e9rminos y condiciones Env\u00edos Enviamos los productos a cualquier parte de la Rep\u00fablica Mexicana en los siguientes casos. 1. Cuando acordamos con el cliente que su mercanc\u00eda ser\u00e1 colocada con la transportista de su elecci\u00f3n y&nbsp;nos env\u00eda la gu\u00eda prepagada. 2. Cuando por el monto y volumen de la compra,... Read More","og_url":"https:\/\/katalejo.com\/index.php\/terminos-condiciones\/","og_site_name":"Grupo Envases La Econ\u00f3mica","article_modified_time":"2025-10-06T14:48:46+00:00","twitter_card":"summary_large_image","twitter_misc":{"Tiempo de lectura":"3 minutos"},"schema":{"@context":"https:\/\/schema.org","@graph":[{"@type":"WebPage","@id":"https:\/\/katalejo.com\/index.php\/terminos-condiciones\/","url":"https:\/\/katalejo.com\/index.php\/terminos-condiciones\/","name":"T\u00e9rminos y condiciones - Grupo Envases La Econ\u00f3mica","isPartOf":{"@id":"https:\/\/www.katalejo.com\/#website"},"datePublished":"2024-10-16T20:56:57+00:00","dateModified":"2025-10-06T14:48:46+00:00","breadcrumb":{"@id":"https:\/\/katalejo.com\/index.php\/terminos-condiciones\/#breadcrumb"},"inLanguage":"es","potentialAction":[{"@type":"ReadAction","target":["https:\/\/katalejo.com\/index.php\/terminos-condiciones\/"]}]},{"@type":"BreadcrumbList","@id":"https:\/\/katalejo.com\/index.php\/terminos-condiciones\/#breadcrumb","itemListElement":[{"@type":"ListItem","position":1,"name":"Home","item":"https:\/\/katalejo.com\/"},{"@type":"ListItem","position":2,"name":"T\u00e9rminos y condiciones"}]},{"@type":"WebSite","@id":"https:\/\/www.katalejo.com\/#website","url":"https:\/\/www.katalejo.com\/","name":"Grupo Envases La Econ\u00f3mica","description":"Fabricaci\u00f3n y comercializaci\u00f3n de envases pl\u00e1sticos","potentialAction":[{"@type":"SearchAction","target":{"@type":"EntryPoint","urlTemplate":"https:\/\/www.katalejo.com\/?s={search_term_string}"},"query-input":{"@type":"PropertyValueSpecification","valueRequired":true,"valueName":"search_term_string"}}],"inLanguage":"es"}]}},"_links":{"self":[{"href":"https:\/\/katalejo.com\/index.php\/wp-json\/wp\/v2\/pages\/14","targetHints":{"allow":["GET"]}}],"collection":[{"href":"https:\/\/katalejo.com\/index.php\/wp-json\/wp\/v2\/pages"}],"about":[{"href":"https:\/\/katalejo.com\/index.php\/wp-json\/wp\/v2\/types\/page"}],"author":[{"embeddable":true,"href":"https:\/\/katalejo.com\/index.php\/wp-json\/wp\/v2\/users\/1"}],"replies":[{"embeddable":true,"href":"https:\/\/katalejo.com\/index.php\/wp-json\/wp\/v2\/comments?post=14"}],"version-history":[{"count":17,"href":"https:\/\/katalejo.com\/index.php\/wp-json\/wp\/v2\/pages\/14\/revisions"}],"predecessor-version":[{"id":2842,"href":"https:\/\/katalejo.com\/index.php\/wp-json\/wp\/v2\/pages\/14\/revisions\/2842"}],"wp:attachment":[{"href":"https:\/\/katalejo.com\/index.php\/wp-json\/wp\/v2\/media?parent=14"}],"curies":[{"name":"wp","href":"https:\/\/api.w.org\/{rel}","templated":true}]}}